factors of 97369.
97369
What are the prime factors of 424282?
2, 212141
What are the prime factors of 350122?
2, 175061
List the prime factors of 491500.
2, 5, 983
What are the prime factors of 1654799?
1654799
What are the prime factors of 880794?
2, 3, 5437
What are the prime factors of 57808?
2, 3613
List the prime factors of 10777545.
3, 5, 37, 6473
What are the prime factors of 234049?
43, 5443
What are the prime factors of 8092550?
2, 5, 23, 31, 227
What are the prime factors of 734243?
673, 1091
What are the prime factors of 1438880?
2, 5, 17, 23
What are the prime factors of 226002?
2, 3, 7, 5381
What are the prime factors of 1002339?
3, 13, 659
What are the prime factors of 162609?
3, 67, 809
What are the prime factors of 192443?
53, 3631
What are the prime factors of 1112697?
3, 19, 241
What are the prime factors of 35079?
3, 11, 1063
List the prime factors of 165622.
2, 82811
What are the prime factors of 375335?
5, 271, 277
List the prime factors of 170865.
3, 5, 3797
List the prime factors of 774747.
3, 86083
What are the prime factors of 3538344?
2, 3, 379, 389
List the prime factors of 2446611.
3, 19, 42923
List the prime factors of 73682.
2, 7, 19, 277
List the prime factors of 665400.
2, 3, 5, 1109
What are the prime factors of 81708?
2, 3, 11, 619
What are the prime factors of 84920?
2, 5, 11, 193
List the prime factors of 163311.
3, 54437
What are the prime factors of 3213721?
7, 23, 19961
What are the prime factors of 5979490?
2, 5, 11, 19, 2861
What are the prime factors of 1677918?
2, 3, 11, 25423
What are the prime factors of 12438?
2, 3, 691
What are the prime factors of 276678?
2, 3, 19, 809
List the prime factors of 191837.
191837
What are the prime factors of 1643037?
3, 11, 49789
List the prime factors of 22845876.
2, 3, 131, 14533
List the prime factors of 6519815.
5, 1303963
What are the prime factors of 232741?
232741
What are the prime factors of 7251965?
5, 7, 207199
What are the prime factors of 4023976?
2, 11, 4157
What are the prime factors of 1741509?
3, 7, 11, 359
List the prime factors of 49120.
2, 5, 307
List the prime factors of 3652132.
2, 11, 83003
What are the prime factors of 16020545?
5, 17, 41, 4597
What are the prime factors of 280217?
7, 40031
List the prime factors of 185444.
2, 7, 37, 179
List the prime factors of 892269.
3, 7, 4721
List the prime factors of 798589.
11, 19, 3821
List the prime factors of 7667022.
2, 3, 11, 116167
What are the prime factors of 196116?
2, 3, 59, 277
List the prime factors of 9803264.
2, 41, 467
List the prime factors of 196908.
2, 3, 61, 269
What are the prime factors of 3895188?
2, 3, 11, 23, 1283
What are the prime factors of 11461039?
1283, 8933
List the prime factors of 420555.
3, 5, 23, 53
What are the prime factors of 276992?
2, 541
What are the prime factors of 385471?
385471
List the prime factors of 41477.
19, 37, 59
List the prime factors of 15379997.
2713, 5669
List the prime factors of 304922.
2, 152461
List the prime factors of 612644.
2, 103, 1487
List the prime factors of 995156.
2, 248789
List the prime factors of 771975.
3, 5, 47, 73
List the prime factors of 12524490.
2, 3, 5, 11, 4217
What are the prime factors of 7334058?
2, 3, 643, 1901
List the prime factors of 4096499.
11, 372409
List the prime factors of 17817.
3, 5939
What are the prime factors of 40270?
2, 5, 4027
What are the prime factors of 75270?
2, 3, 5, 13, 193
What are the prime factors of 2055347?
7, 293621
What are the prime factors of 203032?
2, 41, 619
List the prime factors of 2963299.
2963299
What are the prime factors of 1792231?
7, 256033
What are the prime factors of 646666?
2, 323333
List the prime factors of 175683.
3, 157, 373
List the prime factors of 4981525.
5, 199261
What are the prime factors of 7264111?
7264111
List the prime factors of 5920932.
2, 3, 19, 25969
What are the prime factors of 215128?
2, 26891
List the prime factors of 2589390.
2, 3, 5, 28771
What are the prime factors of 53686?
2, 17, 1579
What are the prime factors of 372779?
11, 33889
What are the prime factors of 51200?
2, 5
What are the prime factors of 331513?
7, 13, 3643
What are the prime factors of 1209370?
2, 5, 120937
What are the prime factors of 6532101?
3, 725789
What are the prime factors of 4207463?
13, 323651
List the prime factors of 9432098.
2, 13, 499, 727
List the prime factors of 177104.
2, 11069
What are the prime factors of 316022?
2, 7, 22573
List the prime factors of 16731033.
3, 11, 46091
What are the prime factors of 42772?
2, 17, 37
List the prime factors of 16806572.
2, 211, 19913
What are the prime factors of 186411?
3, 62137
What are the prime factors of 4295228?
2, 7, 131, 1171
What are the prime factors of 13180358?
2, 53, 124343
What are the prime factors of 861188?
2, 215297
What are the prime factors of 243531?
3, 27059
What are the prime factors of 388082?
2, 61, 3181
What are the prime factors of 1356951?
3, 43, 67, 157
List the prime factors of 82273.
29, 2837
List the prime factors of 4817750.
2, 5, 7, 2753
List the prime factors of 105274.
2, 13, 4049
List the prime factors of 2025302.
2, 29, 34919
List the prime factors of 2827665.
3, 5, 31, 2027
What are the prime factors of 67985?
5, 13597
What are the prime factors of 12131689?
12131689
What are the prime factors of 5650694?
2, 7, 403621
What are the prime factors of 2094426?
2, 3, 23, 5059
What are the prime factors of 10951442?
2, 5475721
What are the prime factors of 38000309?
1453, 26153
What are the prime factors of 601303?
97, 6199
What are the prime factors of 2611716?
2, 3, 217643
List the prime factors of 58845.
3, 5, 3923
List the prime factors of 2198742.
2, 3, 7, 13, 4027
What are the prime factors of 3003910?
2, 5, 7, 13, 3301
What are the prime factors of 112374?
2, 3, 2081
List the prime factors of 635416.
2, 79427
List the prime factors of 5416353.
3, 17, 35401
What are the prime factors of 3215760?
2, 3, 5, 13399
List the prime factors of 395147.
395147
What are the prime factors of 2351587?
7, 335941
List the prime factors of 7137219.
3, 29, 82037
List the prime factors of 15911531.
19, 677, 1237
List the prime factors of 252400.
2, 5, 631
What are the prime factors of 70092?
2, 3, 11, 59
List the prime factors of 3603831.
3, 7, 11, 15601
What are the prime factors of 1792367?
23, 77929
What are the prime factors of 1026431?
7, 331, 443
List the prime factors of 2951540.
2, 5, 17, 8681
List the prime factors of 984676.
2, 7, 11, 23, 139
What are the prime factors of 9494689?
9494689
List the prime factors of 6784308.
2, 3, 199, 947
List the prime factors of 3750256.
2, 31, 7561
What are the prime factors of 804707?
19, 41, 1033
What are the prime factors of 71666?
2, 7, 5119
List the prime factors of 10132590.
2, 3, 5, 13, 25981
List the prime factors of 205867.
127, 1621
What are the prime factors of 1880462?
2, 137, 6863
What are the prime factors of 1277394?
2, 3, 211, 1009
What are the prime factors of 9645696?
2, 3, 2791
List the prime factors of 475184.
2, 17, 1747
List the prime factors of 3599037.
3, 13, 19, 1619
List the prime factors of 807645.
3, 5, 23, 2341
What are the prime factors of 427458?
2, 3, 191, 373
What are the prime factors of 142500?
2, 3, 5, 19
What are the prime factors of 635636?
2, 158909
List the prime factors of 963602.
2, 481801
What are the prime factors of 19351?
37, 523
What are the prime factors of 1235885?
5, 7, 35311
What are the prime factors of 6357463?
7, 953
List the prime factors of 16103814.
2, 3, 59, 45491
What are the prime factors of 2279708?
2, 569927
What are the prime factors of 476640?
2, 3, 5, 331
List the prime factors of 751129.
29, 59, 439
What are the prime factors of 7169428?
2, 7, 107, 2393
List the prime factors of 9275719.
2621, 3539
List the prime factors of 245005.
5, 19, 2579
List the prime factors of 183256.
2, 22907
List the prime factors of 2428915.
5, 23, 21121
List the prime factors of 19465620.
2, 3, 5, 324427
What are the prime factors of 4522417?
307, 14731
What are the prime factors of 11749643?
11749643
What are the prime factors of 7149087?
3, 11, 24071
What are the prime factors of 183729?
3, 7, 13, 673
What are the prime factors of 3021997?
11, 43, 6389
What are the prime factors of 1878567?
3, 626189
List